{"id":81,"date":"2022-03-30T12:45:04","date_gmt":"2022-03-30T10:45:04","guid":{"rendered":"http:\/\/newsite.multimediart.lu\/?page_id=81"},"modified":"2025-08-20T12:18:00","modified_gmt":"2025-08-20T10:18:00","slug":"page-de-testes","status":"publish","type":"page","link":"https:\/\/www.multimediart.lu\/?page_id=81","title":{"rendered":"DAT DR\u00cbT OUER"},"content":{"rendered":"\n<p><\/p>\n\n\n\n<p>DAT DR\u00cbT OUER  &#8212;   Lauschter elo e Podcast vun enger Sendung <\/p>\n\n\n\n<p><\/p>\n\n\n\n<p>d\u00e9i 140ste Sendung op Radio Diddeleng vum 22\/02\/2017<\/p>\n\n\n\n<figure class=\"wp-block-embed is-type-rich is-provider-embed-handler wp-block-embed-embed-handler\"><div class=\"wp-block-embed__wrapper\">\n<audio class=\"wp-audio-shortcode\" id=\"audio-81-1\" preload=\"none\" style=\"width: 100%;\" controls=\"controls\"><source type=\"audio\/mpeg\" src=\"https:\/\/www.multimediart.lu\/Podcast\/file_example_MP3_2MG.mp3?_=1\" \/><a href=\"https:\/\/www.multimediart.lu\/Podcast\/file_example_MP3_2MG.mp3\">https:\/\/www.multimediart.lu\/Podcast\/file_example_MP3_2MG.mp3<\/a><\/audio>\n<\/div><\/figure>\n\n\n\n<p><strong>An deser Sendung sin dob\u00e4i:<\/strong><\/p>\n\n\n\n<ol class=\"wp-block-list\">\n<li>Pact with the Devil &#8211; Lupo &amp; Friends<\/li>\n\n\n\n<li>No Discount on Love \u2013 Luke Haas<\/li>\n\n\n\n<li>Red Eyes \u2013 Nazz Nazz<\/li>\n\n\n\n<li>Tush \u2013 Pol Lebrun<\/li>\n\n\n\n<li>Here I Come \u2013 Lesley Kent<\/li>\n\n\n\n<li>Carnivore \u2013 D\u2019Juju<\/li>\n\n\n\n<li>New World \u2013 UKUATA-K (Nazz Nazz)<\/li>\n\n\n\n<li>Late Night Blues \u2013 Kid Colling Cartel<\/li>\n\n\n\n<li>Swallow \u2013 Blue Soxxx<\/li>\n\n\n\n<li>Vagabonds \u2013 Dream Catcher<\/li>\n\n\n\n<li>Beatiful Looser \u2013 Go By Brooks<\/li>\n\n\n\n<li>Devil\u2019s Way \u2013 Porn Queen<\/li>\n<\/ol>\n\n\n\n<p><\/p>\n\n\n\n<p>d\u00e9i 485ste Sendung op Radio Diddeleng vum 10\/07\/2024<\/p>\n\n\n\n<figure class=\"wp-block-embed is-type-rich is-provider-embed-handler wp-block-embed-embed-handler\"><div class=\"wp-block-embed__wrapper\">\n<audio class=\"wp-audio-shortcode\" id=\"audio-81-2\" preload=\"none\" style=\"width: 100%;\" controls=\"controls\"><source type=\"audio\/mpeg\" src=\"https:\/\/www.multimediart.lu\/Podcast\/file_example_MP3_1MG.mp3?_=2\" \/><a href=\"https:\/\/www.multimediart.lu\/Podcast\/file_example_MP3_1MG.mp3\">https:\/\/www.multimediart.lu\/Podcast\/file_example_MP3_1MG.mp3<\/a><\/audio>\n<\/div><\/figure>\n\n\n\n<p><strong>An deser Sendung sin dob\u00e4i:<\/strong><\/p>\n\n\n\n<p>A Last Effect &#8211; Feelwant<br>DJ Mike MC &#8211; Summer Sonn<br>The Gazmen &#8211; Maker of the Rules<br>Dont Nod + Mean to You &#8211; Brasshole<br>Farmer and Friends &#8211; Sweet Pain of Love (feat. Luna)<br>Daniel Migliosi &#8211; The Way You Look Tonight<br>Heavy Petrol &#8211; Sirens<br>Super Drive &#8211; After All of These Years<br>Gilles Zeimet &#8211; Little Big Heart<br>Buffalo C. Wayne &#8211; Wagon Trail<br>Der D\u00e4iwel &#8211; Bitter<br>Fusion Bomb &#8211; Consolidate<\/p>\n\n\n\n<h2 class=\"wp-block-heading\">Eng Sendung op Radio Diddeleng 103,6 FM<\/h2>\n\n\n\n<p>Eng Emissioun iwwer l\u00ebtzebuerger Musek, a villes mei!<br>100% l\u00ebtzebuerger Musek, mam Petz, mam Dan a mam Vitor<\/p>\n\n\n\n<p><\/p>\n\n\n\n<p>All M\u00ebttwoch 20h30 bis 21h30 Auer<br>Widderhuelungen:<br>Donneschdes 15h00, Freides 11h00, Samschdes 18h00, Sonndes 16h00<\/p>\n\n\n\n<p>op 103,6 FM G\u00e9igend Diddeleng, soss um internet \u00ebnnert https:\/\/www.radiodiddeleng.lu\/<\/p>\n\n\n\n<figure class=\"wp-block-image size-large\"><img loading=\"lazy\" decoding=\"async\" width=\"1024\" height=\"697\" src=\"https:\/\/www.multimediart.lu\/wp-content\/uploads\/2022\/04\/Autocollant-Dat-Drett-Ouer-1024x697.jpg\" alt=\"\" class=\"wp-image-187\" srcset=\"https:\/\/www.multimediart.lu\/wp-content\/uploads\/2022\/04\/Autocollant-Dat-Drett-Ouer-1024x697.jpg 1024w, https:\/\/www.multimediart.lu\/wp-content\/uploads\/2022\/04\/Autocollant-Dat-Drett-Ouer-300x204.jpg 300w, https:\/\/www.multimediart.lu\/wp-content\/uploads\/2022\/04\/Autocollant-Dat-Drett-Ouer-768x523.jpg 768w, https:\/\/www.multimediart.lu\/wp-content\/uploads\/2022\/04\/Autocollant-Dat-Drett-Ouer-600x409.jpg 600w, https:\/\/www.multimediart.lu\/wp-content\/uploads\/2022\/04\/Autocollant-Dat-Drett-Ouer.jpg 1116w\" sizes=\"auto, (max-width: 1024px) 100vw, 1024px\" \/><\/figure>\n\n\n\n<ul class=\"wp-block-list\">\n<li><\/li>\n<\/ul>\n\n\n\n<figure class=\"wp-block-image size-large is-style-default\"><img loading=\"lazy\" decoding=\"async\" width=\"1024\" height=\"768\" src=\"https:\/\/www.multimediart.lu\/wp-content\/uploads\/2023\/02\/collage_Musek_freier-bis-haut_def-1024x768.jpg\" alt=\"\" class=\"wp-image-899\" srcset=\"https:\/\/www.multimediart.lu\/wp-content\/uploads\/2023\/02\/collage_Musek_freier-bis-haut_def-1024x768.jpg 1024w, https:\/\/www.multimediart.lu\/wp-content\/uploads\/2023\/02\/collage_Musek_freier-bis-haut_def-300x225.jpg 300w, https:\/\/www.multimediart.lu\/wp-content\/uploads\/2023\/02\/collage_Musek_freier-bis-haut_def-768x576.jpg 768w, https:\/\/www.multimediart.lu\/wp-content\/uploads\/2023\/02\/collage_Musek_freier-bis-haut_def-1536x1152.jpg 1536w, https:\/\/www.multimediart.lu\/wp-content\/uploads\/2023\/02\/collage_Musek_freier-bis-haut_def-2048x1536.jpg 2048w, https:\/\/www.multimediart.lu\/wp-content\/uploads\/2023\/02\/collage_Musek_freier-bis-haut_def-600x450.jpg 600w, https:\/\/www.multimediart.lu\/wp-content\/uploads\/2023\/02\/collage_Musek_freier-bis-haut_def-64x48.jpg 64w\" sizes=\"auto, (max-width: 1024px) 100vw, 1024px\" \/><figcaption class=\"wp-element-caption\"><strong><img loading=\"lazy\" decoding=\"async\" height=\"16\" width=\"16\" src=\"https:\/\/static.xx.fbcdn.net\/images\/emoji.php\/v9\/tbe\/2\/16\/1f3b6.png\" alt=\"\ud83c\udfb6\">HAUT M\u00cbTTWOCH, DEN  01.02.2023  VUN 20H30 &#8211; 21H30, <\/strong><br><strong>AN DER 417. SENDUNG &#8211; &#8220;DAT DR\u00cbTT OUER&#8221; &#8211; OP RADIO DUDELANGE 103,6 FM<img loading=\"lazy\" decoding=\"async\" height=\"16\" width=\"16\" src=\"https:\/\/static.xx.fbcdn.net\/images\/emoji.php\/v9\/tbe\/2\/16\/1f3b6.png\" alt=\"\ud83c\udfb6\"><br><em>&nbsp;MUSEK VU FR\u00c9IER BIS HAUT-&#8230;FIR FRIDDEN AN DER UKRAIN&nbsp;<\/em><\/strong><br><strong>WIDDERHUELUNGEN: DONNESCHDES 15h00, FREIDES 11h00, SAMSCHDES 18h00 AN SONNDES UM 16h00 AUER<\/strong><img loading=\"lazy\" decoding=\"async\" height=\"16\" width=\"16\" src=\"https:\/\/static.xx.fbcdn.net\/images\/emoji.php\/v9\/tbe\/2\/16\/1f3b6.png\" alt=\"\ud83c\udfb6\"><br><strong><a rel=\"noreferrer noopener\" href=\"https:\/\/www.radiodiddeleng.lu\/?fbclid=IwAR2CGRJbOGdJsbDWea62d0DDjBxlP6Q1eZKJxhQEGqFBmZnVQG8cG8DXEts\" target=\"_blank\">WWW.RADIODIDDELENG.LU<\/a>.<\/strong><br><strong><em>PLAYL\u00cbSCHT:<\/em><\/strong><br><em><strong>Irina &#8211; I\u2019m Walking Away &#8211; Irina Holzinger&amp;Kim Mersch (2010)<\/strong><\/em><br><em><strong>Vittorio Merlo &#8211; Il mio nome era Bufalo Bill &#8211; Single (2020)<\/strong><\/em><br><em><strong>Sch\u00ebppe Siwen &#8211; Wat Bleift &#8211; Wat Bleift (2020)<\/strong><\/em><br><em><strong>TNNE &#8211; No Mans Land &#8211; Life 3.0 (2023)<\/strong><\/em><img loading=\"lazy\" decoding=\"async\" height=\"16\" width=\"16\" src=\"https:\/\/static.xx.fbcdn.net\/images\/emoji.php\/v9\/t44\/2\/16\/1f195.png\" alt=\"\ud83c\udd95\"><br><em><strong>Rome &#8211; Solar Caesar &#8211; Hegemonikon (2022)<\/strong><\/em><br><em><strong>Superdrive &#8211; Going Down &#8211; Single (2022)<\/strong><\/em><br><em><strong>Der D\u00e4iwel &#8211; Bols Digga &#8211; G\u00ebllent Kallef (2017)<\/strong><\/em><br><em><strong>Heavy Petrol &#8211; Sirens &#8211; New Single (2022)<\/strong><\/em><br><em><strong>Fred Baretto Group &#8211; She Was There &#8211; Moving On (2021)<\/strong><\/em><br><em><strong>Toxk\u00e4pp &#8211; B\u00e9ierland &#8211; Skam\u00e9idi (1999)<\/strong><\/em><br><strong><em>Daniel Migliosi &#8211; Left on Scene &#8211; Left On Scene (2022)<\/em><\/strong><br><strong><em>Marly Marques 5tet &#8211; Winter Solstice &#8211; Encounter (2016)<\/em><\/strong><br><strong><em>&#8220;DAT DR\u00cbTT OUER&#8221; OP RADIO DUDELANGE = 100% L\u00cbTZEBUERGER MUSEK!!!!!!<\/em><\/strong><br><strong><em>D\u00cbS CD&#8217;EN K\u00cbNNE BEI&nbsp;<a rel=\"noreferrer noopener\" href=\"https:\/\/l.facebook.com\/l.php?u=https%3A%2F%2Fwww.multimediart.lu%2F%3Ffbclid%3DIwAR3gXu_vEcUYqzyRqrRieKOf0cmeL_Hr7ZQ89RRswXfxtUC1YssmzugXdJA&amp;h=AT1APYyt7_dOEXHVsfOHN8IxCLBJylsjuVtlSsIOhV_sSmOFoAyz8iqD9RsGdzXqLsTNLNUFoU6ixAiJgPTgT2iMwBLFyR9Maxre6S_vGsRg3YhQl69p4NWoEFGrnJ2mN5EMCV1koIYKQD6p-qZUXJeDC7EgVqcHSI2H2JN2te7IYevwkUOYktupc36jD7XAyaMQILq4RE7uwEA_3l2PjyC7HznNciJnmcF4VG2ZYCz57ZaLE5mMdS9UsX_kk4KmpryM2WkNAYx_j6i4xaqWvbeKIeeYn4KtKovv36_dxoI1-jtTghkM8E6XEGhzZL5upWPhYM-UMubH9xb2B1Ur6ZH2iqfGzZfZG7OcHZdHLfcwgew9NUZZEzzqIHdumBnmwjaGqZKy5h3zkKcDMZukG-YYj99DB4civkAhBicyly7RPbFEsHy85zCpKIPi1xOjSySaXV4m5tW1KOUYISGhHV_RO1NxkdrUOBYOeAoyPlBhJ3ngH9LG7J-_gtS_Yi6TgXyBzq1M1ULTgcHveZ8utTvhEXVBB8fWsuqlMIE0DEEJYBpT23JwkhU_hIDw_WHE2NJxIH7zitcPguBNZdUdmA9Rdf6qhGfhLCMe2-PEr6_4b_as3pQrpcyRGUdaKnt0f-BKLsxGcW4gDcRoJ3ISiK9PDB4yRFkAoHOYstzvP4faFOA4FVMp1s-nfBGhWfj_0dwBLkyRLyrMPawxv0m43vO2fXgm0wBRm8ylI_Wv9mWnVWulNxPsTEdQ0gN9weNbRPPIIw&amp;__tn__=-U-U-UK-R&amp;c[0]=AT1hb664ZI6vxp73w8dhJ3w9lHDqnseJcpSp98UtlhCHR0LmzkUp52Dp2MMTQsmyE9lqv2CbNkGM3TIsQKLjq-JM7Q3Fwzmt8Pyw_PKPOBbVaga6MJfPHoN17PpwJjrmr7QlxSHfEV22hcqk36B_LAgk3wILHPBmqR4yb7U\" target=\"_blank\">WWW.MULTIMEDIART.LU<\/a>&nbsp;BESTALLT GINN, A KOMMEN DANN BEQUEEM MAT DER POST HEEM &#8230;CHA, CHA, CHA&#8230;!<\/em><\/strong><br><strong>WIDDERHUELUNGEN: DONNESCHDES 15:00, FREIDES 11:00, SAMSCHDEN 18:00 AN SONNDEN UM 16:00 AUER<\/strong><br><strong>RADIO DUDELANGE 103.6FM LIVE STREAM OP :<\/strong><br><a rel=\"noreferrer noopener\" href=\"https:\/\/l.facebook.com\/l.php?u=http%3A%2F%2Fmixlr.com%2Fradio-dudelange-1036-fm-radio-diddeleng%3Ffbclid%3DIwAR2CGRJbOGdJsbDWea62d0DDjBxlP6Q1eZKJxhQEGqFBmZnVQG8cG8DXEts&amp;h=AT3Dq0cBWHYMZNUVgLasa36_qvj84YhkbIh0uqDzKGsYwWTIWdNDqnOQpEWBjOUBgKciVf_00k2uG0aCkA0brDq3NWfS0fqz29a82FtgfQA9glyQwOGoKGtbhFvgquhoTMeh-qwxGuoI_Dzix_YW3D8&amp;__tn__=-UK-R&amp;c[0]=AT1hb664ZI6vxp73w8dhJ3w9lHDqnseJcpSp98UtlhCHR0LmzkUp52Dp2MMTQsmyE9lqv2CbNkGM3TIsQKLjq-JM7Q3Fwzmt8Pyw_PKPOBbVaga6MJfPHoN17PpwJjrmr7QlxSHfEV22hcqk36B_LAgk3wILHPBmqR4yb7U\" target=\"_blank\">http:\/\/mixlr.com\/radio-dudelange-1036-fm-radio-diddeleng<\/a><br><a rel=\"noreferrer noopener\" href=\"https:\/\/l.facebook.com\/l.php?u=https%3A%2F%2Fonlineradiobox.com%2Flu%2Fdiddeleng%2F%3Ffbclid%3DIwAR06DEiP2Ou112diE9XJKzr0S_g7wvis3aj9_uOO5ibDq5hBFL8QmWfKQRM&amp;h=AT1mtbKt4QLToUs9eEpM6GmWJI2M5ffUkXLIbXek4bf81qxlUTLe5yRHOAomOyZP4kLMoMsbNt96nTK4qgXfqpPsjBMSP45iAYrydK4CEuyJpVj0r-aj7fGPYUkiZmltN_-xvcO-6H1s3H_TZOAf4Tw&amp;__tn__=-UK-R&amp;c[0]=AT1hb664ZI6vxp73w8dhJ3w9lHDqnseJcpSp98UtlhCHR0LmzkUp52Dp2MMTQsmyE9lqv2CbNkGM3TIsQKLjq-JM7Q3Fwzmt8Pyw_PKPOBbVaga6MJfPHoN17PpwJjrmr7QlxSHfEV22hcqk36B_LAgk3wILHPBmqR4yb7U\" target=\"_blank\">https:\/\/onlineradiobox.com\/lu\/diddeleng\/<\/a><br><a rel=\"noreferrer noopener\" href=\"https:\/\/www.radiodiddeleng.lu\/rd-lauschteren\/?fbclid=IwAR0-mahNqrjWQm8vN389EgbZDpFwEvmq6qFUuyAmcFJ1X774oLgyXyZaDhc\" target=\"_blank\">https:\/\/www.radiodiddeleng.lu\/rd-lauschteren\/<\/a><br><a rel=\"noreferrer noopener\" href=\"https:\/\/l.facebook.com\/l.php?u=http%3A%2F%2Fstreema.com%2Fradios%2Fplay%2F35000%3Ffbclid%3DIwAR2Zx31_aY-7XuxSgXQgo52J-m-CPwVQZOFIh-G8IgPYjvaEg6Ku7AQpN90&amp;h=AT2o4xZn_9fqbovGxBJY4tHJl85ZDPsXysNK4w_R9xXO9CAnJE6BLAFZkp6GiXGfH7Qe0sN-L1wv97VFKl7ZjFfw-OGMuKqdRJ8M_UdELzNwNbXq0bKfoPbPeGI4Iqb2adjzM4w6cdW7BOvY_aO0aLQ&amp;__tn__=-UK-R&amp;c[0]=AT1hb664ZI6vxp73w8dhJ3w9lHDqnseJcpSp98UtlhCHR0LmzkUp52Dp2MMTQsmyE9lqv2CbNkGM3TIsQKLjq-JM7Q3Fwzmt8Pyw_PKPOBbVaga6MJfPHoN17PpwJjrmr7QlxSHfEV22hcqk36B_LAgk3wILHPBmqR4yb7U\" target=\"_blank\">http:\/\/streema.com\/radios\/play\/35000<\/a><br><a rel=\"noreferrer noopener\" href=\"https:\/\/l.facebook.com\/l.php?u=https%3A%2F%2Fonlineradiobox.com%2Flu%2Fdiddeleng%2F%3Ffbclid%3DIwAR3s_IiNeb0R-E1xnOhHSbCSjLYiB68bv7CF955OrOsVHLgAMbBcK2QzbW0&amp;h=AT3S9kPvV9B7LWskqeM9u5VO9o1TEAvEXPzlkbj1bGfhfwvuU6SR9-9SJ-CQCPcZ6oPpLaQNG4vtJeNKiI17NKdSyeGeBkpUOtUhKDMdVS1BLLSVTVHdZ8Od1wnuTpzIhFf_qUQl0VwOJdafuGjtNnA&amp;__tn__=-UK-R&amp;c[0]=AT1hb664ZI6vxp73w8dhJ3w9lHDqnseJcpSp98UtlhCHR0LmzkUp52Dp2MMTQsmyE9lqv2CbNkGM3TIsQKLjq-JM7Q3Fwzmt8Pyw_PKPOBbVaga6MJfPHoN17PpwJjrmr7QlxSHfEV22hcqk36B_LAgk3wILHPBmqR4yb7U\" target=\"_blank\">https:\/\/onlineradiobox.com\/lu\/diddeleng\/<\/a><br><a rel=\"noreferrer noopener\" href=\"http:\/\/radio.orange.com\/radios\/radio_diddeleng_1036_fm?fbclid=IwAR1fTBqHGOT6tojF6cRJEpI-FEA_cp39BluXfae604V-Iha3VgLm9BRCY6o\" target=\"_blank\">http:\/\/radio.orange.com\/radios\/radio_diddeleng_1036_fm<\/a><br><a rel=\"noreferrer noopener\" href=\"http:\/\/tunein.com\/radio\/Radio-Dudelange-1036-s15153\/?fbclid=IwAR2CGRJbOGdJsbDWea62d0DDjBxlP6Q1eZKJxhQEGqFBmZnVQG8cG8DXEts\" target=\"_blank\">http:\/\/tunein.com\/radio\/Radio-Dudelange-1036-s15153\/<\/a><\/figcaption><\/figure>\n","protected":false},"excerpt":{"rendered":"<p>DAT DR\u00cbT OUER &#8212; Lauschter elo e Podcast vun enger Sendung d\u00e9i 140ste Sendung op Radio Diddeleng vum 22\/02\/2017 An [&hellip;]<\/p>\n","protected":false},"author":1,"featured_media":0,"parent":0,"menu_order":0,"comment_status":"closed","ping_status":"closed","template":"","meta":{"footnotes":""},"class_list":["post-81","page","type-page","status-publish","hentry"],"_links":{"self":[{"href":"https:\/\/www.multimediart.lu\/index.php?rest_route=\/wp\/v2\/pages\/81","targetHints":{"allow":["GET"]}}],"collection":[{"href":"https:\/\/www.multimediart.lu\/index.php?rest_route=\/wp\/v2\/pages"}],"about":[{"href":"https:\/\/www.multimediart.lu\/index.php?rest_route=\/wp\/v2\/types\/page"}],"author":[{"embeddable":true,"href":"https:\/\/www.multimediart.lu\/index.php?rest_route=\/wp\/v2\/users\/1"}],"replies":[{"embeddable":true,"href":"https:\/\/www.multimediart.lu\/index.php?rest_route=%2Fwp%2Fv2%2Fcomments&post=81"}],"version-history":[{"count":21,"href":"https:\/\/www.multimediart.lu\/index.php?rest_route=\/wp\/v2\/pages\/81\/revisions"}],"predecessor-version":[{"id":1353,"href":"https:\/\/www.multimediart.lu\/index.php?rest_route=\/wp\/v2\/pages\/81\/revisions\/1353"}],"wp:attachment":[{"href":"https:\/\/www.multimediart.lu\/index.php?rest_route=%2Fwp%2Fv2%2Fmedia&parent=81"}],"curies":[{"name":"wp","href":"https:\/\/api.w.org\/{rel}","templated":true}]}}